. Calculate the highest common divisor of 33 and x.
33
Let s be ((-22)/8)/(2 + 9/(-4)). Suppose -2*u + 0*u + 880 = -3*j, -2*u + 880 = j. Suppose -u = p - 6*p. Calculate the greatest common divisor of s and p.
11
Let n be (7/2)/((-5)/(-30)). Suppose -k = 2*k - n. What is the greatest common factor of 7 and k?
7
Let h(l) = -3*l - 2. Let s be h(-2). Suppose -z - 3*n - 12 = 0, 0 = -z - s*z - 4*n - 16. Let g = 14 + z. Calculate the greatest common factor of g and 112.
14
Let n(o) = -o**3 + 12*o**2 + 30*o + 12. Let i be n(14). Calculate the highest common divisor of 30 and i.
10
Suppose -50*y = -59*y + 1152. Calculate the highest common factor of 64 and y.
64
Let h(c) = 25*c**2 - 36*c + 77. Let y be h(2). Calculate the highest common divisor of y and 42.
21
Let d be 27/4*64/24. Let t be (-8)/520*-10 - 696/(-39). What is the greatest common factor of d and t?
18
Let c(q) = -6*q + 28. Let j be c(4). Suppose 2*h - j + 0 = -4*d, -2*h + 14 = -d. Calculate the greatest common factor of 6 and h.
6
Let v(d) = -3*d + 1197. Let l be v(-65). What is the greatest common factor of l and 32?
16
Suppose -3*b + 9 = -15. Suppose 173 + 451 = 39*a. Calculate the highest common factor of b and a.
8
Let a = 126 + -102. Calculate the highest common divisor of a and 72.
24
Suppose 38*u - 3599 = 2519. Calculate the highest common divisor of u and 7.
7
Let p(i) = i + 14. Let h = -54 - -47. Let m be p(h). Calculate the highest common factor of 56 and m.
7
Let m = -16 + 15. Let b be m/3 - (-453)/9. Suppose 2*n = -c + 4*n + 18, 0 = 5*c + 5*n - 30. What is the highest common factor of b and c?
10
Let j(n) = 8*n**2 - 5*n + 6. Let s be (-3)/(-15) - (-9)/5. Let h be j(s). Calculate the highest common divisor of 4 and h.
4
Suppose 0 = -j + 5, i - 4*j + 3*j = 85. Suppose 0 = 2*v + v - 3*q - i, 4*q - 125 = -3*v. Calculate the greatest common divisor of v and 5.
5
Let b = -206 - -226. What is the greatest common factor of 5 and b?
5
Let g be (-10)/5 - (1 + -8). Let d = -34 - -34. Suppose d = 4*z - 2*h - 144, h = -2*z - 2*z + 138. What is the greatest common factor of g and z?
5
Let v be 396/20 - (-2)/10. Suppose -n = -0*n + 35. Let m = -25 - n. Calculate the greatest common factor of m and v.
10
Let h = 389 + -231. Let v = h - 58. Suppose -5*q + 0*q = -v. What is the greatest common divisor of q and 4?
4
Suppose 6*i - 3*l = 4*i + 1913, -2*l = 2*i - 1908. Calculate the greatest common divisor of i and 5.
5
Let h(c) = c - 45. Let l be h(19). Let i = l - -55. Calculate the highest common divisor of i and 319.
29
Let m = 228 + -130. Let b be (-10)/(-8) - 3009/(-236). Calculate the highest common factor of m and b.
14
Let g = -4 + 20. Suppose -i - 228 = -5*z + 188, 2*z - 152 = 4*i. Suppose -28 = -d + z. Calculate the greatest common factor of d and g.
16
Suppose 0 = -14*d + 276 + 3644. What is the greatest common factor of 40 and d?
40
Suppose -5*a + 11 = -14. Suppose 5*g = -5*w + a, 2*g - 4*w = 4*g. Let t be ((-33)/g)/((-5)/10). What is the greatest common factor of 11 and t?
11
Suppose 5*m + d - 40 = -12, -4 = m - 3*d. Suppose 4*i - 64 = m*u, i - 2*u = -6*u + 16. What is the greatest common factor of i and 24?
8
Suppose 25 = 4*t + 4*d - 23, 4*d + 56 = 4*t. Let i(n) = -n + 15. Let s be i(t). Let h = 1 - -1. What is the highest common factor of s and h?
2
Suppose 610 = 3*r + 250. Let s be ((-10)/(r/(-18)))/((-6)/(-64)). What is the highest common factor of s and 48?
16
Let y be 1210/40 + 1/(-4). Let m(d) = -d**3 + 9*d**2 + 6. Let v(c) = -2*c - 5. Let o be v(-7). Let p be m(o). What is the greatest common factor of p and y?
6
Let w(b) = -b + 10. Let n be w(10). Suppose 5*p + 4*i = 13 - 38, n = -3*i. Let m be p*(4 - 29/5). What is the greatest common divisor of 6 and m?
3
Suppose u + b - 2*b - 85 = 0, 0 = -4*u + b + 340. Calculate the highest common factor of 272 and u.
17
Let z be 292/8 - (-6)/(-12). Let x(w) = w**2 - 6*w - 4. Let n be x(8). What is the highest common divisor of n and z?
12
Let n be (-6)/14 + (-1062)/(-126). Let h(t) = -t**3 + 9*t**2 - 8*t + 3. Let i be h(n). Calculate the greatest common factor of i and 15.
3
Let z(t) be the first derivative of 11/3*t**3 + 3/2*t**2 + 2 + 6*t. Let q be z(-2). What is the highest common factor of q and 4?
4
Suppose 322 - 37 = 15*y. Calculate the highest common factor of 95 and y.
19
Suppose 52 = 3*c - 2*d, 4*c = 3*d + 6 + 62. Let q be -2 + -3 + (c - 2). Let f = 111 - 59. What is the highest common factor of q and f?
13
Suppose -5*f + l + 145 + 123 = 0, 0 = -2*f + 3*l + 102. Let a(j) = -j**2 - 15*j - 8. Let h be a(-13). Calculate the highest common factor of h and f.
18
Suppose -7*y + 64 = -2*y + 2*o, 4*y - 2*o - 44 = 0. Suppose p - 14 + 2 = -3*k, 3*p = k + 6. Calculate the greatest common factor of y and p.
3
Suppose 2*p = 5*p + 2*a - 155, -a = p - 51. Suppose 0 = -48*k + p*k - 50. Calculate the highest common factor of 70 and k.
10
Let d(s) = s**2 + 6*s + 7. Let v be d(-7). Let x be (-8)/((-13)/(-78) - v/12). Suppose -3*n + 11 = -13. What is the greatest common factor of n and x?
8
Let v(c) = 9*c - 34. Suppose 3*h = -2*y + 34, 5*y - 3*h = 6*y - 20. Let a be v(y). What is the highest common divisor of 4 and a?
4
Suppose -i + 3 = b, 3*b - 5 = -2. Let g be 2*1/i*14. Let u = -4 - -18. What is the highest common factor of u and g?
14
Suppose 5*b - 12 = 13. Suppose 0 = 5*w + b*a - 790, -3*a = -4*w - 0*a + 604. What is the greatest common divisor of w and 14?
14
Let g be 49/4 + (-7)/28. Let w be 10/2 + -1 + 0. Suppose 4*k = -3*a + 20, 0 = w*a - 3*k - 12 - 48. What is the highest common divisor of g and a?
12
Let p = -33 + 33. Suppose o = -5, 4*d + o + 28 - 83 = p. Let r be (-1 + 10)*(-2)/(-3). Calculate the highest common factor of r and d.
3
Suppose 11*z - 18 = 26. Suppose -3*y + 3*w + 12 = 0, -z*w = -9 + 1. Calculate the greatest common divisor of 66 and y.
6
Let m = -25 + 31. Let k be 5*3 + (-2 - -4). Let s be k*4 - (4 - m). Calculate the highest common factor of 10 and s.
10
Let w(i) = i**3 + 15*i**2 - 45*i - 12. Let k be w(-10). What is the greatest common factor of k and 28?
14
Let z = -567 - -574. Calculate the highest common divisor of 2 and z.
1
Let m(c) = -c + 9. Let l be m(4). Let k be (-1)/(-5 - -4)*-29. Let j = k - -39. What is the highest common divisor of l and j?
5
Let k be (1/(-3)*-4)/(18/135). Suppose -72 = k*l - 14*l. Calculate the highest common factor of 27 and l.
9
Let t(g) be the first derivative of g**4/4 - 4*g**3 + 3*g**2/2 - 19*g - 43. Let f be t(12). Calculate the greatest common factor of 153 and f.
17
Let q = 176 - -58. Let r be (-4)/18 + 58/18. Suppose 0 = -2*t + 4*n + 32, -r*t + n = -t - 47. Calculate the highest common divisor of t and q.
26
Suppose -25*l + 513 = -22*l. What is the highest common factor of 9 and l?
9
Suppose 4*c - 7*c = -18. Suppose c*t - t = 550. Calculate the greatest common factor of 10 and t.
10
Let z(q) be the first derivative of -3*q**2 - q + 1 + 1/3*q**3. Let y be z(8). Calculate the greatest common divisor of y and 6.
3
Let g(x) = -471*x + 15. Let w(q) = -236*q + 7. Let t(k) = -6*g(k) + 13*w(k). Let p be t(-1). What is the highest common divisor of p and 27?
27
Suppose -m - 64 = -2*m. Suppose -5*c - 26 = -1, 2*j - 2*c = m. Suppose -49 - j = -4*k. Calculate the greatest common factor of 57 and k.
19
Let l be -5 - 2 - -94 - (-1 + -2). What is the highest common factor of l and 20?
10
Suppose -5*a = -4*a - 76. Suppose -a = z - 2*z - 4*b, -3*b = -5*z + 357. Let j = -2 - -20. Calculate the greatest common divisor of j and z.
18
Let t be 2*-1 + -4*(-108)/16. Calculate the highest common factor of t and 10.
5
Let j be 14/(-6)*(3960/(-22))/10. What is the highest common factor of j and 21?
21
Let i be 30/12*8/10. Let j = -34 + 38. What is the greatest common factor of i and j?
2
Let l(p) = p**3 + 6*p**2 + 7*p - 1. Let a be l(-4). Suppose 3*n + y - 17 = 0, -a*y = n - 0*n - 19. Calculate the greatest common divisor of 20 and n.
4
Let h = 211 + -83. Calculate the highest common factor of h and 4.
4
Suppose 3*f + 12 = 9*f. Suppose 4*w + 0*m = -2*m + 36, f*m = 0. Suppose -6*l + w = -3*l. Calculate the greatest common factor of 3 and l.
3
Let l be 27/6*9/(18/4). Suppose -l = -r + 5*g + 1, 2*r - 3*g = 48. Calculate the greatest common factor of r and 150.
30
Let u = -395 + 400. What is the greatest co